4
1c7
Convert -184 (base 9) to base 6.
-421
What is 103 (base 5) in base 15?
1d
-32 (base 5) to base 6
-25
-20 (base 13) to base 6
-42
-43 (base 14) to base 16
-3b
75 (base 8) to base 14
45
Convert -c (base 14) to base 2.
-1100
Convert -35 (base 11) to base 2.
-100110
Convert 1 (base 15) to base 11.
1
What is 0 (base 5) in base 7?
0
Convert -6 (base 15) to base 12.
-6
10111000 (base 2) to base 7
352
Convert -2 (base 14) to base 9.
-2
-120101 (base 3) to base 8
-637
Convert -324 (base 7) to base 5.
-1130
What is 10 (base 3) in base 2?
11
11001010 (base 2) to base 7
406
-76 (base 9) to base 4
-1011
Convert 30 (base 11) to base 2.
100001
What is 4 (base 14) in base 12?
4
Convert 107 (base 8) to base 13.
56
Convert -40 (base 5) to base 2.
-10100
What is -3 (base 14) in base 13?
-3
What is -35 (base 10) in base 5?
-120
Convert 12 (base 16) to base 5.
33
-26 (base 7) to base 11
-19
0 (base 3) to base 9
0
Convert -2 (base 9) to base 4.
-2
What is -1 (base 12) in base 3?
-1
What is -1032 (base 5) in base 4?
-2032
Convert 1110011 (base 2) to base 10.
115
What is 41 (base 16) in base 10?
65
What is -5 (base 11) in base 2?
-101
Convert -5 (base 15) to base 8.
-5
What is 4 (base 6) in base 4?
10
Convert -180 (base 10) to base 6.
-500
Convert 100 (base 3) to base 15.
9
What is -50 (base 11) in base 6?
-131
Convert 4 (base 9) to base 16.
4
101101 (base 2) to base 8
55
Convert 67 (base 11) to base 16.
49
What is -3 (base 9) in base 2?
-11
dc (base 14) to base 8
302
What is 1 (base 13) in base 10?
1
What is 54 (base 10) in base 15?
39
What is 314 (base 10) in base 7?
626
-42 (base 12) to base 3
-1212
-2 (base 3) to base 12
-2
What is -12 (base 3) in base 7?
-5
Convert 41 (base 13) to base 14.
3b
-6f (base 16) to base 3
-11010
-178 (base 9) to base 11
-129
What is -102 (base 4) in base 6?
-30
Convert -4 (base 15) to base 14.
-4
3 (base 13) to base 2
11
What is -4a (base 13) in base 5?
-222
What is 10 (base 4) in base 10?
4
What is 1 (base 8) in base 2?
1
2 (base 15) to base 7
2
What is -8 (base 10) in base 6?
-12
What is 12120 (base 3) in base 7?
303
What is 4 (base 7) in base 10?
4
3 (base 16) to base 13
3
2 (base 12) to base 5
2
3 (base 9) to base 2
11
Convert -21 (base 14) to base 16.
-1d
-99 (base 14) to base 13
-a5
Convert -58 (base 14) to base 10.
-78
What is -35 (base 7) in base 5?
-101
What is 6 (base 14) in base 10?
6
8 (base 14) to base 10
8
Convert -1 (base 3) to base 11.
-1
Convert -e (base 16) to base 4.
-32
Convert 8 (base 13) to base 7.
11
Convert -11101111 (base 2) to base 9.
-285
-5 (base 11) to base 14
-5
24a (base 11) to base 7
602
34 (base 16) to base 8
64
What is 14 (base 6) in base 14?
a
Convert 6 (base 10) to base 12.
6
Convert -8b (base 16) to base 11.
-117
Convert -21101 (base 3) to base 15.
-d4
What is -10200 (base 4) in base 14?
-168
100100 (base 3) to base 9
310
What is -46 (base 8) in base 2?
-100110
What is 12 (base 3) in base 9?
5
1 (base 4) to base 6
1
What is -b3 (base 14) in base 9?
-184
What is -10 (base 2) in base 16?
-2
13 (base 16) to base 3
201
-100 (base 6) to base 12
-30
-2 (base 14) to base 4
-2
Convert -106 (base 11) to base 13.
-9a
What is 40 (base 15) in base 11?
55
Convert 11 (base 5) to base 6.
10
What is -30 (base 4) in base 7?
-15
Convert 5 (base 16) to base 11.
5
Convert 5 (base 12) to base 13.
5
What is 10 (base 6) in base 11?
6
What is 5 (base 12) in base 8?
5
What is 3 (base 4) in base 2?
11
Convert -122 (base 3) to base 2.
-10001
Convert -1 (base 7) to base 15.
-1
What is -111 (base 2) in base 14?
-7
56 (base 12) to base 15
46
0 (base 2) to base 10
0
What is 198 (base 11) in base 15?
103
Convert -27 (base 11) to base 5.
-104
1 (base 15) to base 11
1
What is 3 (base 8) in base 16?
3
What is 232 (base 7) in base 4?
1321
What is -102 (base 6) in base 14?
-2a
Convert -5 (base 8) to base 13.
-5
10011 (base 2) to base 12
17
-1010001 (base 2) to base 8
-121
0 (base 11) to base 5
0
6 (base 16) to base 2
110
What is 103 (base 14) in base 13?
124
Convert -130 (base 4) to base 13.
-22
What is -40 (base 7) in base 9?
-31
What is 2 (base 8) in base 12?
2
What is 112 (base 4) in base 7?
31
What is -101 (base 3) in base 10?
-10
121 (base 3) to base 13
13
3 (base 5) to base 16
3
Convert 2210 (base 5) to base 13.
1a6
Convert -2222 (base 4) to base 14.
-c2
Convert -1 (base 16) to base 14.
-1
What is 11 (base 3) in base 2?
100
353 (base 6) to base 13
ab
Convert -44 (base 10) to base 3.
-1122
-120 (base 3) to base 13
-12
What is 4 (base 16) in base 7?
4
95 (base 14) to base 11
10a
Convert 3 (base 7) to base 3.
10
8c (base 15) to base 7
246
Convert -10 (base 7) to base 16.
-7
What is 0 (base 12) in base 16?
0
What is 80 (base 12) in base 13?
75
52 (base 8) to base 6
110
0 (base 10) to base 3
0
What is -22 (base 6) in base 8?
-16
What is 1344 (base 5) in base 11?
194
What is -2 (base 7) in base 2?
-10
-14 (base 14) to base 15
-13
Convert -37 (base 8) to base 3.
-1011
0 (base 6) to base 3
0
5 (base 9) to base 7
5
1 (base 2) to base 6
1
-3 (base 7) to base 4
-3
Convert -1 (base 13) to base 11.
-1
Convert 3 (base 13) to base 15.
3
What is 2 (base 15) in base 12?
2
-14 (base 13) to base 11
-16
-2e (base 15) to base 12
-38
Convert 0 (base 13) to base 16.
0
Convert 4 (base 7) to base 9.
4
0 (base 3) to base 5
0
f (base 16) to base 7
21
What is 1 (base 16) in base 14?
1
Convert 5 (base 12) to base 6.
5
Convert -148 (base 12) to base 8.
-310
-4 (base 9) to base 6
-4
Convert 4 (base 8) to base 7.
4
-4 (base 5) to base 14
-4
-1110000 (base 2) to base 4
-1300
Convert 37 (base 12) to base 5.
133
Convert -210 (base 3) to base 13.
-18
Convert -121 (base 3) to base 15.
-11
-140 (base 6) to base 14
-44
-5 (base 7) to base 16
-5
What is 102010 (base 3) in base 2?
100101100
What is 1001 (base 2) in base 14?
9
Convert 90 (base 11) to base 4.
1203
Convert -8 (base 11) to base 10.
-8
Convert -17 (base 9) to base 13.
-13
-18 (base 13) to base 11
-1a
What is 5 (base 15) in base 7?
5
-53 (base 9) to base 11
-44
Convert 3 (base 10) to base 2.
11
1 (base 4) to base 7
1
What is 202 (base 4) in base 16?
22
Convert -4 (base 16) to base 13.
-4
Convert -205 (base 7) to base 12.
-87
Convert -22 (base 14) to base 15.
-20
What is 312 (base 9) in base 13?
167
-3 (base 7) to base 10
-3
What is -11101010 (base 2) in base 9?
-280
What is 63 (base 15) in base 11?
85
32 (base 11) to base 2
100011
-110 (base 2) to base 8
-6
-13 (base 9) to base 6
-20
Convert 2d (base 15) to base 8.
53
Convert 100 (base 5) to base 10.
25
What is 21 (base 5) in base 15?
b
Convert -30 (base 11) to base 3.
-1020
What is 4 (base 12) in base 16?
4
Convert -10001 (base 2) to base 4.
-101
What is 0 (base 10) in base 7?
0
0 (base 12) to base 3
0
What is -1 (base 10) in base 12?
-1
1b (base 15) to base 9
28
46 (base 14) to base 12
52
-20 (base 3) to base 2
-110
-9 (base 13) to base 14
-9
1 (base 13) to base 3
1
Convert -3 (base 5) to base 15.
-3
What is 0 (base 8) in base 11?
0
-12 (base 14) to base 6
-24
5 (base 11) to base 15
5
-16 (base 7) to base 12
-11
5 (base 8) to base 13
5
What is -1 (base 15) in base 6?
-1
Convert -3 (base 10) to base 13.
-3
What is -15 (base 8) in base 11?
-12
-40 (base 6) to base 7
-33
-c0 (base 15) to base 13
-10b
What is -48 (base 9) in base 3?
-1122
-2 (base 10) to base 14
-2
Convert 14 (base 13) to base 2.
10001
3 (base 11) to base 15
3
What is 14 (base 6) in base 2?
1010
Convert -2241 (base 5) to base 14.
-18d
What is 15 (base 6) in base 16?
b
-5 (base 14) to base 8
-5
Convert -110011 (base 2) to base 13.
-3c
35 (base 8) to base 16
1d
What is 3 (base 10) in base 15?
3
What is 4 (base 10) in base 12?
4
-111 (base 2) to base 3
-21
What is -257 (base 8) in base 12?
-127
3130 (base 4) to base 13
13c
Convert 6 (base 11) to base 15.
6
What is -33 (base 4) in base 14?
-11
What is 2 (base 6) in base 11?
2
15 (base 9) to base 8
16
-69 (base 13) to base 2
-1010111
11 (base 12) to base 16
d
18 (base 15) to base 14
19
2 (base 3) to base 7
2
Convert 111 (base 7) to base 2.
111001
-1 (base 16) to base 9
-1
What is -3 (base 16) in base 3?
-10
2 (base 4) to base 12
2
-b (base 13) to base 15
-b
Convert 1324 (base 6) to base 14.
1a4
-20 (base 14) to base 5
-103
9 (base 10) to base 13
9
20 (base 7) to base 8
16
-4 (base 11) to base 6
-4
Convert 0 (base 6) to base 16.
0
Convert